 -8*f + 16825 = -6687. Suppose 8*k = f - 1123. Suppose 8*q - k - 117 = 0. List the prime factors of q.
43
Let y be (30/40)/((-4)/(-2768)). List the prime factors of 3 + -1 + y + 1.
2, 3, 29
Let r(y) = 2*y**3 - 26*y**2 + 17*y - 5. Let v be r(20). Suppose -524 - 659 = s + 3*b, v = -5*s + 5*b. List the prime factors of (-2)/(3/(-5) + s/(-2010)).
3, 67
Let w(d) = 43*d + 5097. List the prime factors of w(85).
2, 547
Let w = -21 + 30. Let v be 2/w + 129/27. Suppose 381 = v*t + 111. List the prime factors of t.
2, 3
Let c be (-63)/(-18) + -3 - 18/(-4). Suppose -13*t + 4*p = -18*t + 4568, -c*t + 2*p = -4556. List the prime factors of t.
2, 3, 19
Let a = 2 + 68. Suppose -71*l = -a*l - 911. List the prime factors of l.
911
Suppose -19*k + 180 = k. Suppose 6*u - k*u + 657 = 0. List the prime factors of u.
3, 73
Suppose -16*i - 3047234 = -117*i + 2588566. List the prime factors of i.
2, 3, 5, 31
Let j(c) = c**2 + 7*c + 9. Let r be j(-6). Suppose -1 + 16 = -3*p, -5*b + 2705 = -r*p. List the prime factors of b.
2, 269
Suppose 19 = 2*v + 3*l - 0*l, 0 = -3*l + 15. Suppose 0*c - c + 2269 = 5*d, -v*d - 9054 = -4*c. What are the prime factors of c/24 - 4/(-6)?
5, 19
Let u = -91 + 89. Let g be -46 + 33 - (u - -1 - -2). List the prime factors of 58/3 + g/(-21).
2, 5
Let r = -44408 - -62172. What are the prime factors of r?
2, 4441
Let r(h) = 151*h + 32. Suppose 4*i = 5*p - 32, 14 = -2*p + 4*p - 2*i. List the prime factors of r(p).
2, 3, 53
What are the prime factors of 360/(66804/2568 + -26)?
2, 3, 5, 107
Suppose -5*c + 3194 = 5*z - 7*z, 2*c = -2*z + 1258. List the prime factors of c.
2, 3, 53
What are the prime factors of (14/(-42))/((-2)/39090)?
5, 1303
Let n(j) be the second derivative of 3*j**3/2 + 9*j**2 - j. Let l = 4075 + -4058. What are the prime factors of n(l)?
3, 19
Let i be (10/4)/(5/10). Suppose i*h = -5*s + 1650, -s = 3*s. List the prime factors of 2/1*(1 - h/(-4)).
167
Suppose -10*q + 3216 = 2*q. Suppose 3*z - q = -x, 0 = 3*z + 4*x - x - 264. What are the prime factors of z?
2, 3, 5
Suppose -f - 1 = 0, -f = -2*r - 5*f + 4762. Suppose 16*g = -r + 9023. List the prime factors of g.
5, 83
Let m(i) = i**3 - 18*i**2 - 18*i + 5. Let p be (300/105)/(2/14). What are the prime factors of m(p)?
5, 89
Let l(k) = 1423*k + 1552. List the prime factors of l(9).
83, 173
Suppose 0 = r + 4, 2*j - 4 = -2*r - 2. Let z be j - (1/4 - (-9)/12). Suppose -358 = t - 4*t - 2*k, k = -z. What are the prime factors of t?
2, 61
Suppose -3*c + 4*u = -171588, -417*c = -414*c - 3*u - 171579. List the prime factors of c.
2, 1787
Let k = 660 - 1127. Let v = k + 1324. List the prime factors of v.
857
Let h(z) = z**3 + 5*z**2 - 4*z + 4. Let u be h(-6). Let p(b) = -3*b**2 + 2*b + 14. Let o be p(u). Let l = o - -281. What are the prime factors of l?
3, 29
Let d(f) = 4*f - 2. Let k be d(1). Suppose -2*r + 2*y = 2, -r - 3 = -k*y - 1. Suppose -q + 28 = -r*q. What are the prime factors of q?
2, 7
Suppose x - h + 797 = 0, -21*h + 25*h - 3989 = 5*x. Let s = -325 - x. List the prime factors of s.
2, 7, 17
Let k = -6333 - -24721. What are the prime factors of k?
2, 4597
Let k(d) = -d**2 + 2*d + 46. Let p be k(8). What are the prime factors of 42/(-4 + p) - -77?
2, 5, 7
Suppose 3*f - 87327 = 3*o, 17*f + 2*o = 14*f + 87297. List the prime factors of f.
3, 89, 109
Let b(l) be the second derivative of -l**5/20 + 13*l**4/12 + 19*l**3/6 - 39*l**2/2 - 121*l. List the prime factors of b(12).
3, 37
Suppose 140 = 5*f - 110. Let o = -106 + f. Let q = o + 93. List the prime factors of q.
37
Suppose 10533 = -243*j + 238*j + 89928. What are the prime factors of j?
3, 67, 79
Let c = -54 - -59. Suppose 0 = -3*k + 6*v - 4*v + 7, 2*v - 33 = -c*k. Suppose 59 = k*a - 296. What are the prime factors of a?
71
Suppose 0 = 10*j - 88 - 2. Suppose -2868 = -j*v - 375. What are the prime factors of v?
277
Let h(i) = -9*i**2 + 10*i + 29. Let q be h(-6). Let k = q - -616. What are the prime factors of k?
3, 29
Let y(i) = 852*i**2 + 123*i + 997. List the prime factors of y(-9).
2, 47, 733
List the prime factors of (-437456)/(-14) - ((-279)/(-465))/(63/(-15)).
31247
Let l = 66 - 62. Suppose -l*u = 5*n - 1029, -2*n - 3*u + 153 + 253 = 0. What are the prime factors of n?
11, 19
Suppose -2*i = -c - 0*i - 30, 0 = 4*c - 5*i + 111. Let s be -10*(c/(-15) - 2). Suppose 2*j - s*r - 78 = 0, -r = 4*j - 7*j + 122. List the prime factors of j.
41
Suppose 0 = -k - 5*p + 9789, k - 3*p + 3472 = 13277. What are the prime factors of k?
41, 239
Let b(l) = 21*l - 4. Let m be b(5). Let y = -51 + m. Suppose -4*t + 346 - y = -4*q, -q = 2*t - 145. What are the prime factors of t?
73
Let g(k) = -251*k - 253*k + 511*k - 37. Suppose 3*a + 9 = 4*a. What are the prime factors of g(a)?
2, 13
Suppose 20*f - 20 = 15*f. Suppose 0*r = -4*l + r + 641, 3*r + 3 = 0. Suppose f*k - l = -0. What are the prime factors of k?
2, 5
Let s = -574 - -1167. Let b = -145 + s. What are the prime factors of b?
2, 7
Suppose 2*s - 2*i = -6, 3*s + 20*i - 24*i + 11 = 0. List the prime factors of (52 - -3) + 6/s.
7
Suppose -3*p + 43220 = 274*a - 273*a, 3*a - 3*p - 129696 = 0. List the prime factors of a.
139, 311
Let s(y) = -6*y + 9*y**2 - 8*y**2 - 11*y. Let z(c) = -c**2 - 1. Let i(a) = -s(a) + z(a). List the prime factors of i(5).
2, 17
Let l = 41 + -21. Let d(w) = 11*w + 26. Let h be d(l). Suppose -2*n - 2*a = -128, 2*a - a = 4*n - h. What are the prime factors of n?
2, 31
Let n be 22931/69 + 2/(-6). List the prime factors of n + (-6)/3 + (0 - 1).
7, 47
Suppose 128 = 22*m + 40. Let g(x) = -2*x**3 + 3*x**2 + 3*x + 4. Let c(h) = h**3 - h**2 - h. Let l(a) = c(a) - g(a). List the prime factors of l(m).
2, 3
Let l(f) = f**3 - 18*f**2 + 20*f - 24. Let m be l(17). Suppose 3*b - 29 = g, 4*g - g + m = 3*b. Let i = 20 + b. What are the prime factors of i?
2, 3, 5
Suppose -8*r = -91 - 29. Suppose -3653 = -r*j - 68. List the prime factors of j.
239
Let b = -28473 - -48316. What are the prime factors of b?
19843
Suppose -36404 = -22*r + 14482. What are the prime factors of r?
3, 257
Suppose 0 = 2*k - 11*g + 6*g + 64, -4*k + 2*g = 160. What are the prime factors of (216/k)/(12/(-1050))?
2, 3, 5
Let n be (-32)/(-2)*(-2 + (-9)/(-4)). Suppose 5*y = -w - 13, 0*y - 6 = -3*y + n*w. List the prime factors of ((-3)/((-15)/(-1810)))/y.
181
Suppose 0 = -24*b - 40*b + 189043 + 174029. List the prime factors of b.
3, 31, 61
Let z = 67 - 29. Suppose -6*u + 7*u = -z. Let y = u - -43. List the prime factors of y.
5
Let p(x) = x**2 + 1 - 6*x**2 + 14*x**2 - 2*x**2 + x. Let r be p(-1). List the prime factors of 162 + -2 + r + -4.
163
What are the prime factors of ((-34)/(-8))/(-3*(-7)/59724)?
3, 17, 79
Suppose 3*n - 24 = 3*p, 2*n - 13 = n + 2*p. Suppose -n*t - 207 = -0*t. Let u = t + 129. What are the prime factors of u?
2, 3, 5
Suppose 25*h - 20*h - 10 = 0. Suppose -230 - 3 = -h*o - a, -2*o + 208 = -4*a. What are the prime factors of o?
2, 3, 19
Suppose 1505 = 5*c - 3*l, -5*c + 0*c + 1485 = l. Let r = c - 256. List the prime factors of r.
2, 3, 7
Let c = 375 + 562. Let x = c - 459. What are the prime factors of x?
2, 239
Let y(t) = -522*t + 418. List the prime factors of y(-31).
2, 5, 83
Let a(x) = 1658*x + 1819. List the prime factors of a(14).
25031
Let c(p) = -2*p**3 - 11*p**2 - 2*p + 4. Let x be c(-6). Let d = 61 - x. What are the prime factors of (-4 - -388)*(-2)/d*-3?
2
Suppose 33*v + 84 = 35*v. Let a = 29 - v. Let h(t) = t**3 + 14*t**2 + 6*t - 4. What are the prime factors of h(a)?
3, 29
Let j(v) be the second derivative of 43*v**5/4 - v**4/6 - v**3/6 + v**2 + 17*v + 2. What are the prime factors of j(1)?
2, 107
Suppose 4*u + 157480 = 5*x, 4*u - 10465 = -4*x + 115483. What are the prime factors of x?
2, 7873
Let c(f) be the first derivative of -17*f**2 + 22*f + 9. List the prime factors of c(-10).
2, 181
Let x be (-1 + 2)/(((-130)/(-4900))/13). Suppose n - x = -276. What are the prime factors of n?
2, 107
Let c = 10854 + -4027. List the prime factors of c.
6827
Let i(k) = 120*k**3 + 48*k - 6. What are the prime factors of i(5)?
2, 3, 2539
Suppose 17*v = 25*v + 8. What are the prime factors of (v - 2)/((-2)/1866*9)?
311
List the prime factors of 9 + ((-42)/7)/(30/(-74060)).
14821
Let h(d) = -5*d + 6. Let f(y) = 4*y - 6. Let b be (-32)/28*(-7)/2. Let p(t) = b*h(t) + 6*f(t). List the prime factors of 